 k = 6 + 26. Suppose 6*t - 4*t = 4*m + 18, 2*t - 2*m - 12 = 0. Suppose -t*w + 2*x = -26, 4*w + x - k = 3*x. Determine s(w).
15
Let f(j) = 2*j - 6. Let k(z) = 2*z - 11. Let d(x) = 5*f(x) - 3*k(x). Calculate d(6).
27
Let y(c) = c - 4. Let s = 76 + -75. Suppose -s + 8 = o. What is y(o)?
3
Suppose -3*j = -2*k + 10, -2*k - k - 2*j = -2. Let o(i) = i**2 + i**k - 7*i - 3*i**2 - 7. Calculate o(-5).
3
Let x(c) = -5*c**3 + c**2 - 2*c + 1. Let k(r) = 2*r**2 - 89*r + 45. Let l be k(44). Give x(l).
-5
Let b(y) = 7*y + y**2 + 15 + y - 12 - 3*y. Determine b(-7).
17
Let f be (-300)/45 + (-6)/(-9). Let c(m) = m**3 + 5*m**2 - 5*m + 9. Determine c(f).
3
Let x(l) = -5911 - 3*l + 5902 - 2*l + 6*l. Give x(6).
-3
Suppose 4*i - 5*c = -3 + 27, c = -i + 6. Let a(k) = k**2 - 6*k - 1. What is a(i)?
-1
Suppose 0 = 3*v + 14 + 1. Let h be (-1 - 3/v)*15. Let m(o) = -o**2 - 3*o + 5. Determine m(h).
-13
Suppose 24*x = -7*x + 186. Let y(z) = z + 8. Give y(x).
14
Let d(y) = 4*y + 3. Let n(r) = -2*r + 2. Let u be n(0). Let p(g) = 7 - 12 - g - 4*g - u*g. Let q(j) = 5*d(j) + 3*p(j). What is q(-1)?
1
Suppose -3*j - 8 = -4*p + 2, -2*j - 3*p + 16 = 0. Let k(s) = -10*s**2 - 4 + 11*s**2 - j*s - 2*s - 3*s. What is k(6)?
-10
Let j(y) be the third derivative of y**4/24 - 7*y**3/6 - 2*y**2 - 315. Determine j(15).
8
Let h(v) = 130*v - 4. Let m be h(-1). Let y = 140 + m. Let r(s) = s - 4. Let b(k) = k - 4. Let d(f) = 4*b(f) - 6*r(f). What is d(y)?
-4
Let y(f) = -f**2 + 2*f + 4. Let p be (-22)/(-18) - 4/18. Let s = -7 + p. Let z be 21/14 + s/(-4). What is y(z)?
1
Let s(u) = u**2 + 4*u + 2. Suppose -x + 126 = 4*t - 6*x, 0 = 4*t + x - 114. Let w = 25 - t. What is s(w)?
2
Let a be (-10)/(-1) - 42/6. Let z(q) = q**3 - 2*q**2 - q - 4. Calculate z(a).
2
Let k(s) = -3*s - 7. Let p(n) = 2*n + 3. Let z be p(1). Suppose 4*a - a - 42 = z*j, j - 2*a = -14. Give k(j).
11
Let u(z) = -5 - 8*z + 0*z**2 + 0*z**2 + z**2. Suppose -28 = 4*t, -2*i - 5*t - 153 = -134. Determine u(i).
-5
Let o(c) = 39 - 7 + 18 - 16*c**2 + 0*c**2 + 24*c. Let k(b) = -3*b**2 + 5*b + 10. Let n(m) = -11*k(m) + 2*o(m). Suppose -3*i + 2*i = -7. What is n(i)?
-10
Let w(r) = r**2 + 11*r + 2. Let i(m) = m**2 - m - 82. Let p be i(-8). Determine w(p).
-8
Suppose 9 = -z - y, -8*z + 10*z = -4*y - 22. Let n(v) be the second derivative of v**5/20 + 7*v**4/12 - 7*v**2/2 + 6*v. Determine n(z).
-7
Suppose -60*n + 18 = -58*n. Let l be n + 2/(-4)*2. Let v(y) = y**3 - 7*y**2 - 10*y + 5. Give v(l).
-11
Let f(h) = -8*h**3 - h**2 - 2*h - 1. Let u be f(-1). Let s(z) = -3*z**2 - 100*z + 5. Let v(p) = -5*p**2 - 158*p + 7. Let r(q) = 8*s(q) - 5*v(q). Calculate r(u).
-11
Let h(v) = -7 - 2 - 2*v + 21*v - v**2 - 19*v. Determine h(0).
-9
Suppose -3 = -4*y - 3*v + 3, y + 2*v + 1 = 0. Let z be 1/2*(-2)/1. Let a be ((2 - y) + -1)*z. Let c(g) = 3*g. Give c(a).
6
Let o(b) = -4 - 3 + 2*b + 4. Let z be (-10)/(-55) - 218/(-11). Let q be (-5)/((z/(-8))/1). Determine o(q).
1
Let o(f) = -f**2 + f + 1. Let h(m) = -m**2 + 2*m + 1. Let d(z) = h(z) + 2*o(z). Give d(-2).
-17
Let z be (-12)/(-78) + (1 - 810/26). Suppose 2*m + b = 3*b - 54, -2*m - b = 45. Let c = m - z. Let l(f) = f - 2. Give l(c).
4
Let d(v) = 3*v**2 - 62*v - 93. Let y be d(22). Let l(z) be the second derivative of z**3/6 + 2*z**2 + 3*z. What is l(y)?
-1
Let t(j) = j**3 + 7*j**2 + 6*j. Suppose -2*q + 3*q + 23 = -3*f, 4*q = -2*f - 32. What is t(f)?
0
Let a be 2*(5 + -2 - 2). Let x(y) = -26 + 6*y - y**a - y + 30. Give x(6).
-2
Let a = -21 - -26. Let z(n) = 0*n - n**2 + a*n - 10*n + 3*n + 4. Calculate z(-5).
-11
Let u(m) = 2*m**2 + 10*m + 6. Let n = 122 + -128. Calculate u(n).
18
Suppose -v + 0*d - 3 = -5*d, -5*v = 4*d - 14. Suppose 0*b - 6 = -2*b. Let f(q) = -1 - q - 2 + b - v. Determine f(3).
-5
Let r = -6 - -10. Let w be 7 + 4*r/(-8). Let c(v) = w - 2*v - 7*v**3 - 4*v**2 + 4*v**3 - 3 + v**3. What is c(-2)?
6
Let r(h) = -2*h + 253. Let w(y) = y - 117. Let m(g) = -6*r(g) - 13*w(g). Let x = 8 + -2. Give m(x).
-3
Let q(h) be the first derivative of -h**4/6 - 15*h - 17. Let o(u) be the first derivative of q(u). Calculate o(-2).
-8
Suppose 3*s + 9 = 0, 17*t - 12*t - 96 = -3*s. Let a(v) = -v**3 + 20*v**2 + 21*v - 6. Determine a(t).
-6
Let z(u) = -u**3 + 2*u**2 - 4. Let l(n) = 3*n + 13. Let o be l(-11). Let j be (0 + o/8)*18/(-15). Give z(j).
-13
Let w(t) = t + 1. Let p(k) = 3*k + 1. Let i(j) = -2*p(j) + 7*w(j). Determine i(8).
13
Suppose -4*x - 14 = -6*x. Let j(c) = 19*c + 18*c + 9 - 39*c - 1. Determine j(x).
-6
Suppose -2*o + 5*o = -33. Let y be 2 - (-3 + -9 + 3). Let u = o + y. Let m(q) = -q**2 - q + 5. Give m(u).
5
Suppose 3*l + 1 = 2*c, -3*c + 5*l + 3 = 1. Let a(x) = -21*x - 7. Let o(u) = 40*u + 13. Let n(k) = -11*a(k) - 6*o(k). What is n(c)?
8
Let f(w) = -13*w**3 + 4*w**2 + 5*w + 9. Let l(d) = 11*d**3 - 3*d**2 - 4*d - 7. Let t(j) = 3*f(j) + 4*l(j). Calculate t(-1).
-5
Suppose 10*k + 44 = 8*k. Let o = -16 - k. Let u(c) = -c**2 + 6*c + 2*c**2 - 2*c**2. Give u(o).
0
Suppose -g + 8 = 3*g. Suppose 0 = m - 2*m + g. Let o(t) = 2 + 6 - 3 + 0*t**2 + t**m. What is o(0)?
5
Let r be (-16)/(-9) + (-4)/(-18). Let w = -2 + r. Let y(b) = -3*b + 4. Let q(x) = -2*x + 2. Let z(l) = 2*q(l) - y(l). Give z(w).
0
Suppose 5*n = -13*n + 54. Let l be -1*(5 + (n - 7) + 2). Let w(c) = -2*c + c - c. What is w(l)?
6
Let d(v) = -3*v + 193. Let b be d(54). Let f(l) = -2*l + 66. Determine f(b).
4
Let a = -1057 + 1051. Let i(d) be the second derivative of 1/6*d**3 + 0 - 1/20*d**5 - 1/2*d**4 + d**2 - d. What is i(a)?
-4
Let m(d) = -2*d**3 + 3*d**2 - 7*d - 10. Let y(l) = 3*l**3 - 5*l**2 + 10*l + 15. Let n(p) = -7*m(p) - 5*y(p). Let w be n(3). Let c(x) = -4*x - 1. Give c(w).
-5
Let f(l) = -l**2 + 11*l + 15. Let t be f(12). Suppose -t*j = -2*j, -4*j - 25 = -5*z. Suppose -4*k + 19 = -z. Let w(c) = -2*c + 9. Give w(k).
-3
Let w(i) be the first derivative of i**4/12 + 5*i**3/6 + 25*i + 10. Let k(d) be the first derivative of w(d). Determine k(-7).
14
Let c(y) = -4 - 229*y - 234*y + 691*y - 229*y. Calculate c(14).
-18
Let m = -632 - -632. Let v(p) be the second derivative of 1/12*p**4 - 6*p + m - p**2 + 1/6*p**3. Determine v(2).
4
Let q(z) = z**3 + 3*z**2 - 3*z + 1. Let t be q(-4). Let m(l) = -l + 4. Let x(s) = -1. Let h(a) = m(a) + 2*x(a). Calculate h(t).
5
Let t(s) = s - 11. Suppose 13*u - 34 = 96. Determine t(u).
-1
Let h(p) = 2*p - 5. Let x(u) = -5*u + 16. Let i(v) = 7*h(v) + 2*x(v). Let s = 278 + -275. Determine i(s).
9
Let y(r) = -r**2 + 59. Suppose -9*u - 10*u = -6*u. Determine y(u).
59
Let j(v) = v**3 - 9*v - 82 + 75 + 0*v**3 + 6*v**2. Determine j(-7).
7
Suppose 46 = 3*v + 2*n, 0 = -2*v - 0*v + 5*n - 1. Let w = v + -12. Suppose w = -s - s. Let q(x) = -x - 6. Determine q(s).
-6
Let w be (-24)/15*(-30)/12. Suppose 0 = w*t - 12 + 16. Let o(s) = -4*s**2 + s + 1. Give o(t).
-4
Let t be (4/6)/2*0/29. Let a(m) = m**3 - m**2 + 7. What is a(t)?
7
Let g = -11 + 6. Let m(f) = 1511 - 3024 - 2*f - 5*f**2 - f**3 + 1508. What is m(g)?
5
Let p(j) = j**3 - 3*j**2 + 3*j + 7. Let x be p(0). Let g(m) = m**2 - 9*m + 18. Calculate g(x).
4
Let z(c) = 3*c**2 - 13*c + 191 + 3*c - c**3 + 14*c - 101 - 100. Determine z(4).
-10
Suppose 9*r - 2 = 8*r. Let n(h) be the second derivative of -h**4/12 + h**3/2 + h**2 + 20*h. What is n(r)?
4
Let l(s) be the first derivative of 2*s**3/3 - 4*s**2 + 11*s - 180. Give l(2).
3
Let u(b) = 3*b**3 - 25*b**2 + 12*b + 10. Let s(y) = -y**3 + 8*y**2 - 4*y - 3. Let v(i) = 7*s(i) + 2*u(i). Give v(4).
15
Suppose v - 6 = -4. Suppose v*j + 9 = 5*j. Let o(b) = -5*b - 7. Let n(s) = 2*s + 3. Let u(y) = 7*n(y) + 3*o(y). Determine u(j).
-3
Let v(x) = x**2 - 8*x + 4. Let a be v(7). Let o(g) = g**3 + g**2 - 3*g - 1. What is o(a)?
-10
Let g = -504 - -507. Let v(r) be the second derivative of -2*r**2 + 0 + 1/2*r**g - 11*r. Calculate v(4).
8
Let m be (558/6)/(2 - -1). Let z(f) = -15*f + f**2 + m*f - 15*f. Let h = 5 - 3. What is z(h)?
6
Let t(c) = 3*c**2 + 3*c - 2. Let x = -76 - -78. Give t(x).
16
Let m(w) = -w**3 + w**2 + 9*w - 6. Let l = 577 - 574. What is m(l)?
3
Suppose i - 3*i + 22 = -2*z, 2*i + 5*z - 22 = 0. Let l(y) = y**3 - 12*y**2 + 12*y - 9. What is l(i)?
2
Let o(f) = -2*f - 4. Let y = 3 - -2. Suppose -4*z + 2 = -3*l + 29, 5*l - 10 = -y*z. Let r(a) = -a**2 + 4*a - 1. Let u be r(l). What is o(u)?
8
Suppose 6*p - 51 = 3*p. Let g = -16 + p. Let o(h) = 